e remainder when 6922 is divided by 81?
37
Calculate the remainder when 35503 is divided by 11746.
265
Calculate the remainder when 108575 is divided by 51.
47
What is the remainder when 390436 is divided by 157?
134
Calculate the remainder when 19465 is divided by 431.
70
What is the remainder when 744742 is divided by 44?
42
Calculate the remainder when 1812668 is divided by 64.
60
Calculate the remainder when 131927 is divided by 69.
68
Calculate the remainder when 1234 is divided by 652.
582
Calculate the remainder when 17247 is divided by 22.
21
Calculate the remainder when 9199 is divided by 23.
22
Calculate the remainder when 46077 is divided by 30.
27
What is the remainder when 3540 is divided by 75?
15
Calculate the remainder when 74310 is divided by 1239.
1209
What is the remainder when 10983 is divided by 1237?
1087
Calculate the remainder when 2819 is divided by 20.
19
What is the remainder when 139835 is divided by 542?
541
What is the remainder when 20945 is divided by 1060?
805
Calculate the remainder when 5197 is divided by 582.
541
Calculate the remainder when 39859 is divided by 5.
4
What is the remainder when 2007 is divided by 1923?
84
Calculate the remainder when 25402 is divided by 12690.
22
Calculate the remainder when 69232 is divided by 44.
20
What is the remainder when 29692 is divided by 5935?
17
What is the remainder when 11174 is divided by 386?
366
Calculate the remainder when 3331 is divided by 1631.
69
Calculate the remainder when 2847462 is divided by 474575.
12
What is the remainder when 333627 is divided by 2010?
1977
What is the remainder when 76712 is divided by 33?
20
What is the remainder when 47561 is divided by 17?
12
Calculate the remainder when 62788 is divided by 690.
688
What is the remainder when 7659024 is divided by 443?
440
What is the remainder when 1006041 is divided by 25?
16
What is the remainder when 50153 is divided by 16714?
11
Calculate the remainder when 365 is divided by 214.
151
Calculate the remainder when 1714 is divided by 54.
40
What is the remainder when 29046 is divided by 7255?
26
Calculate the remainder when 2622 is divided by 336.
270
Calculate the remainder when 75148 is divided by 75025.
123
Calculate the remainder when 1245 is divided by 324.
273
What is the remainder when 327188 is divided by 15?
8
Calculate the remainder when 60598 is divided by 130.
18
Calculate the remainder when 1919682 is divided by 871.
869
What is the remainder when 89091 is divided by 41?
39
What is the remainder when 12429 is divided by 6201?
27
What is the remainder when 3997 is divided by 1555?
887
Calculate the remainder when 378928 is divided by 6.
4
Calculate the remainder when 7775 is divided by 15.
5
Calculate the remainder when 13913 is divided by 52.
29
What is the remainder when 5661 is divided by 757?
362
What is the remainder when 644846 is divided by 25?
21
What is the remainder when 3388548 is divided by 110?
108
What is the remainder when 5608 is divided by 1843?
79
What is the remainder when 1829 is divided by 73?
4
What is the remainder when 406633 is divided by 185?
3
Calculate the remainder when 34397 is divided by 46.
35
What is the remainder when 346241 is divided by 63?
56
What is the remainder when 31179 is divided by 62?
55
Calculate the remainder when 8429 is divided by 643.
70
What is the remainder when 83685 is divided by 98?
91
What is the remainder when 661 is divided by 210?
31
What is the remainder when 3838 is divided by 60?
58
Calculate the remainder when 5406 is divided by 13.
11
What is the remainder when 3795 is divided by 296?
243
Calculate the remainder when 30875 is divided by 213.
203
Calculate the remainder when 64647 is divided by 10.
7
Calculate the remainder when 49790 is divided by 392.
6
Calculate the remainder when 4037 is divided by 219.
95
Calculate the remainder when 5584 is divided by 7.
5
Calculate the remainder when 80808 is divided by 800.
8
What is the remainder when 4505 is divided by 2236?
33
What is the remainder when 4410 is divided by 93?
39
Calculate the remainder when 22910 is divided by 7592.
134
What is the remainder when 1870 is divided by 125?
120
What is the remainder when 16587 is divided by 553?
550
What is the remainder when 32414 is divided by 6477?
29
What is the remainder when 30078 is divided by 128?
126
What is the remainder when 3620 is divided by 33?
23
What is the remainder when 116542 is divided by 35?
27
What is the remainder when 4828 is divided by 124?
116
Calculate the remainder when 2176548 is divided by 1010.
1008
What is the remainder when 137113 is divided by 271?
258
What is the remainder when 246515 is divided by 18962?
9
What is the remainder when 94102 is divided by 31363?
13
Calculate the remainder when 1599 is divided by 79.
19
What is the remainder when 26003 is divided by 83?
24
What is the remainder when 7670 is divided by 404?
398
What is the remainder when 5425 is divided by 48?
1
Calculate the remainder when 98440 is divided by 54.
52
Calculate the remainder when 1810 is divided by 65.
55
Calculate the remainder when 563 is divided by 70.
3
Calculate the remainder when 1764 is divided by 1754.
10
Calculate the remainder when 744522 is divided by 257.
250
What is the remainder when 25244 is divided by 5047?
9
Calculate the remainder when 583491 is divided by 182.
181
What is the remainder when 464 is divided by 237?
227
What is the remainder when 2484 is divided by 22?
20
What is the remainder when 15618 is divided by 27?
12
What is the remainder when 1226 is divided by 338?
212
Calculate the remainder when 163581 is divided by 81787.
7
What is the remainder when 165831 is divided by 55275?
6
What is the remainder when 2797 is divided by 109?
72
Calculate the remainder when 9445 is divided by 786.
13
What is the remainder when 4308 is divided by 532?
52
What is the remainder when 54823 is divided by 4217?
2
Calculate the remainder when 2445 is divided by 460.
145
Calculate the remainder when 2641 is divided by 647.
53
What is the remainder when 182452 is divided by 22805?
12
What is the remainder when 32052 is divided by 444?
84
Calculate the remainder when 34793 is divided by 84.
17
What is the remainder when 346357 is divided by 334?
333
What is the remainder when 6433 is divided by 2136?
25
What is the remainder when 117650 is divided by 233?
218
Calculate the remainder when 6272 is divided by 109.
59
What is the remainder when 537 is divided by 61?
49
Calculate the remainder when 14110 is divided by 101.
71
What is the remainder when 1360570 is divided by 170071?
2
Calculate the remainder when 23420 is divided by 937.
932
What is the remainder when 14779 is divided by 48?
43
What is the remainder when 209754 is divided by 58?
26
What is the remainder when 14483 is divided by 114?
5
Calculate the remainder when 670 is divided by 224.
222
What is the remainder when 36185 is divided by 272?
9
What is the remainder when 150389 is divided by 75186?
17
Calculate the remainder when 22767 is divided by 3747.
285
Calculate the remainder when 476306 is divided by 14.
12
What is the remainder when 642 is divided by 533?
109
What is the remainder when 10349 is divided by 1291?
21
What is the remainder when 29847 is divided by 218?
199
What is the remainder when 2765 is divided by 872?
149
Calculate the remainder when 849 is divided by 170.
169
What is the remainder when 2658 is divided by 38?
36
Calculate the remainder when 9521 is divided by 112.
1
What is the remainder when 47968 is divided by 45?
43
Calculate the remainder when 111899 is divided by 2664.
11
Calculate the remainder when 291698 is divided by 31.
19
Calculate the remainder when 2212 is divided by 45.
7
Calculate the remainder when 1082471 is divided by 888.
887
What is the remainder when 26217 is divided by 276?
273
What is the remainder when 3946 is divided by 115?
36
What is the remainder when 4021 is divided by 702?
511
Calculate the remainder when 39539 is divided by 57.
38
Calculate the remainder when 162885 is divided by 12.
9
Calculate the remainder when 13992 is divided by 1552.
24
Calculate the remainder when 61269 is divided by 207.
204
What is the remainder when 26159 is divided by 8716?
11
What is the remainder when 307298 i